 15*k - 12*k**2. What is the remainder when q is divided by w(-13)?
8
Let f(x) = 9*x - 1. Let h be f(-3). Let i = -20 - h. Calculate the remainder when (-892)/(-64) + 5/80 is divided by i.
6
What is the remainder when ((-295)/(-10) + 4)*2 is divided by 10?
7
Suppose 4*i - 6 - 6 = 0. Suppose 0 = g + i - 14. Suppose 5*o + 416 = 18*o. Calculate the remainder when o is divided by g.
10
Suppose -x - 5 = -2*u, 5 = 4*x - 2*x + u. Suppose -7 = -3*j + 2. Calculate the remainder when 0/j - -25*x is divided by 9.
7
Suppose 0 = -4*t + 95 + 85. What is the remainder when t is divided by 16?
13
Suppose -49 = -4*l + 11. Calculate the remainder when l is divided by 8.
7
Let m(o) = 77*o**2 - 2*o + 2. Calculate the remainder when m(1) is divided by 16.
13
Let o be (-2 - -4 - 2)*-1. Let p = 5 + o. Suppose 3*f = 4*f + 2*c - 5, -c - 47 = -5*f. Calculate the remainder when f is divided by p.
4
Suppose 72 = 7*l - l. Let k = -8 - -11. Suppose 4*h - 93 = -5*x, 0*x + 5*h + 78 = k*x. Calculate the remainder when x is divided by l.
9
Suppose 0 = 3*r - 4 - 71. What is the remainder when 69 is divided by r?
19
Let u(m) = 6*m - 2. Let z be u(1). Suppose -t + z*t = -3*q + 33, -2*q - 5*t + 34 = 0. Calculate the remainder when q is divided by 2.
1
Let m(c) = -5*c + 3. Calculate the remainder when 23 is divided by m(-2).
10
Let f(b) be the third derivative of b**5/30 + b**4/8 - 7*b**3/3 - 4*b**2. What is the remainder when f(-7) is divided by 16?
15
Let w(i) = 3*i**2 + 16*i + 12. What is the remainder when 94 is divided by w(-6)?
22
Let z(i) = i**3 - 3*i**2 + i. Let x be z(2). Let p be 1/((5 + x)/(-279)). What is the remainder when 3/(-6) + p/(-2) is divided by 16?
14
Suppose -4*w + 26 + 38 = 0. Let m(d) = -5*d + 37. Let y be m(9). Let k = y + w. Calculate the remainder when k is divided by 3.
2
Suppose 4*r + 0 = -v - 8, 3*v - 4 = -5*r. What is the remainder when 15 is divided by v?
7
Let z be (-36)/10 - (-12)/(-30). Let v = 18 + z. Let b = v + -8. What is the remainder when 17 is divided by b?
5
Let l(p) = p**2 + p + 32. Let z be l(0). Suppose -5*u + 3*w = -14 + 56, -4*u = -2*w + z. Calculate the remainder when 34 is divided by (0 - -12)/((-4)/u).
16
Let r(a) = a**2 + 2*a - 7. Let f(d) = d**3 + 9*d**2 + 6*d - 2. Calculate the remainder when f(-8) is divided by r(-5).
6
Suppose 5*f = u - 22, 5*u - 168 = 2*f - 6*f. What is the remainder when u is divided by 17?
15
What is the remainder when 1/3 - (-1)/(-9)*-6 is divided by 1?
0
Let c be (-7)/(2/(-12)*2). Let a = c + -11. Calculate the remainder when a is divided by 3.
1
Let h(r) = -r**3 + 16*r**2 + 18*r - 3. What is the remainder when 139 is divided by h(17)?
13
Suppose 0 = -3*b + 2*b + 58. Calculate the remainder when b is divided by 20.
18
Suppose 0 = 3*z - 2*a - 22, 3*a + 4 = 3*z - 17. What is the remainder when 25 is divided by z?
1
Let v = 1 - -5. Let w(l) = l**2 - 2*l - 6. Calculate the remainder when w(5) is divided by v.
3
Let x(b) = -5*b - 6. Let z be 2/8 - (-21)/(-4). Let s be x(z). Suppose 2*v - s - 1 = 0. What is the remainder when 29 is divided by v?
9
Suppose -g + 6*g - 385 = 0. Calculate the remainder when g is divided by 20.
17
Let u = -3 - -8. Let m(a) = a**2 - a + 3. Let z be m(0). Suppose u*s = -z*w + 118, -s = -3*w - w - 19. Calculate the remainder when s is divided by 8.
7
Let n(i) = 7*i - 5. Let c be n(9). Let m = c - 40. What is the remainder when 35 is divided by m?
17
Suppose 0 = 2*r - 5*c + 14, -4*r - 3*c - 101 = -21. Let m = r - -54. Calculate the remainder when m is divided by 1 + 1 + -1 - -12.
11
Let z(i) = -i**3 + i**2 + 2*i - 2. What is the remainder when z(-3) is divided by -2 - (2/7 - 172/14)?
8
Calculate the remainder when 83 is divided by (-17)/(-68) - 83/(-4).
20
Suppose 0 = 6*j - 5*j + g - 47, -g + 5 = 0. What is the remainder when j is divided by 4/10 + (-73)/(-5)?
12
Suppose 3*j + 2*k = 17, -5*j + 5*k + 41 = 2*k. Calculate the remainder when j is divided by 5.
2
Suppose -2*d - 2*d + 4 = 0. Suppose 0 = 16*x - 767 + 143. Calculate the remainder when x is divided by 14 - (2 - 1 - d).
11
Let l = 45 + 10. Suppose -3*h + 3*r + 21 = 6*r, 0 = 3*h - 4*r. Suppose 3 = j - h*v, 0 = -3*j - 2*j - v + 99. What is the remainder when l is divided by j?
17
Let x be 54/(-4)*(-16)/6. Let v = 51 - x. What is the remainder when 57 is divided by v?
12
Let c(x) = x**3 - 3*x**2 - 4*x - 5. Let s be c(4). Let a = s - -10. Suppose -a*l = -0*l - 90. Calculate the remainder when l is divided by 10.
8
Suppose z + 5*z - 66 = 0. What is the remainder when z is divided by 7?
4
Let b be 19/2 - (-11)/22. Suppose 4*z - b = 10. What is the remainder when z is divided by 3?
2
Suppose -3*k + 6 = -k. Let t(b) = b + 2. Let n be t(k). Suppose 9 = n*d - 41. Calculate the remainder when 37 is divided by d.
7
Calculate the remainder when (4/8)/(2/28) is divided by 4.
3
Calculate the remainder when (((-3)/1)/(-3))/(2/92) is divided by 10.
6
Suppose 0 = 3*q - 7*q + 4, -381 = -2*i - 3*q. Calculate the remainder when i is divided by 38.
37
Suppose 5*w - 19 + 4 = 0. Suppose -r = -1 - w. Let a = 9 - r. What is the remainder when 8 is divided by a?
3
Suppose -k + 125 = -6*k. Suppose 5*v - 48 = 67. What is the remainder when v is divided by 76/10 + (-10)/k?
7
Let v(z) = -z**3 + 2*z**2 - 3*z + 3. What is the remainder when v(-3) is divided by 15?
12
Let b = -65 + 67. What is the remainder when 2 is divided by b?
0
Let o = 22 - 9. Calculate the remainder when o is divided by 26/143 + 258/33.
5
Let d(b) = 9*b**2. Let q be d(2). Suppose 3*f = 2*a + 54, 2*f - q = a - 3*a. What is the remainder when 35 is divided by f?
17
Suppose -4 = -a + 3*o + 4, -4*a + 6 = o. What is the remainder when 7 is divided by a?
1
Suppose 19*q = 20*q - 13. Calculate the remainder when q is divided by 4.
1
Suppose 36 = 6*w - 2*w. Let l = -6 + w. Calculate the remainder when 7 is divided by l.
1
Let a(x) = -x + 12. What is the remainder when a(7) is divided by 2/(-3)*(0 - 3)?
1
Let h(f) = -35*f - 1. Suppose 0 = -2*q - 4*v - 6, -3*q - 5*v - 1 = -7*q. Let u be h(q). Suppose 0*j - 2*j = -u. What is the remainder when 32 is divided by j?
15
Let p(c) = -5*c + c + 6*c - c. Let u be p(3). Suppose -u = -5*b + 7. What is the remainder when b is divided by 2?
0
Let b(k) = k**2 - 6*k + 2. Let r be b(6). Let i = r - -8. What is the remainder when i is divided by 4?
2
Suppose 0 = u + 4*z - 22, 2*z + 10 = 2*u - u. What is the remainder when 66 is divided by u?
10
Let l = 148 + -102. Suppose c - l = -c. What is the remainder when c is divided by 12?
11
Let i(p) = 88*p**2 - 1. Calculate the remainder when i(-1) is divided by 24.
15
Let u = -28 - -51. What is the remainder when u is divided by 13?
10
Let v(d) = -3*d + 4. What is the remainder when v(-4) is divided by 5?
1
Suppose -3*b + 304 = 70. Calculate the remainder when b is divided by 16.
14
Let q = -55 - -63. Let p(t) be the third derivative of -7*t**4/8 + t**3/6 + 2*t**2. What is the remainder when p(-1) is divided by q?
6
Let r(d) = -4*d - 1. Let o be r(7). Let l = -16 - o. Calculate the remainder when 23 is divided by l.
10
Let t(s) = -s**3 - 2*s**2 - 2*s - 1. Let h be t(-2). Let x(z) = 5*z**2 - 2*z + 1. Calculate the remainder when x(h) is divided by (-3)/(62/(-28) - -2).
12
Let k(s) = s**3 - 6*s**2 + 5*s + 3. Suppose 5*p + 406 + 144 = 0. What is the remainder when p/(-25) + (-6)/(-10) is divided by k(5)?
2
Let f = 3 + -3. Let m = 17 - 10. Suppose f*s = -s + m. Calculate the remainder when 12 is divided by s.
5
Calculate the remainder when 37 is divided by -2 - (-15 - -2 - 2).
11
Let f(d) = d**2 + 8*d - 6. Calculate the remainder when 158 is divided by f(-11).
23
Let t = -10 + 16. Suppose 3*i - 34 - 86 = 0. Suppose -n = -t*n + i. Calculate the remainder when 15 is divided by n.
7
Suppose -21*x + 22*x = 11. Calculate the remainder when x is divided by 7.
4
Let u(s) = s**2 - 2*s - 8. What is the remainder when u(-5) is divided by 8?
3
Let m(u) = u**2 + 4*u - 1. Let g = 6 - 0. Let o be m(g). Suppose 3*x - 22 = -w + 7, 0 = 3*w - 5*x - o. What is the remainder when 45 is divided by w?
22
Let v be ((-25)/10)/((-1)/2). Suppose 0 = 7*n - 2*n + v*a - 10, -3*n - 2*a + 1 = 0. Let t = 5 + n. What is the remainder when t is divided by 2?
0
Calculate the remainder when 55 is divided by (-9)/15 + (73/5)/1.
13
Suppose 5*h + 4*d = 2*d - 240